y 1144.
55
What is the remainder when 38224 is divided by 645?
169
What is the remainder when 514853 is divided by 185?
183
What is the remainder when 8876 is divided by 620?
196
What is the remainder when 10315 is divided by 30?
25
What is the remainder when 7520 is divided by 836?
832
Calculate the remainder when 91495 is divided by 4.
3
Calculate the remainder when 16441 is divided by 588.
565
Calculate the remainder when 44101 is divided by 8.
5
What is the remainder when 408824 is divided by 314?
310
Calculate the remainder when 20557 is divided by 45.
37
What is the remainder when 1635 is divided by 399?
39
What is the remainder when 114329 is divided by 57157?
15
Calculate the remainder when 123911 is divided by 2065.
11
What is the remainder when 20099 is divided by 2229?
38
Calculate the remainder when 260479 is divided by 220.
219
What is the remainder when 5011 is divided by 1665?
16
What is the remainder when 41581 is divided by 381?
52
Calculate the remainder when 47353 is divided by 7887.
31
What is the remainder when 914 is divided by 789?
125
What is the remainder when 11060 is divided by 3674?
38
Calculate the remainder when 102022 is divided by 78.
76
Calculate the remainder when 12416 is divided by 6158.
100
What is the remainder when 28663 is divided by 263?
259
What is the remainder when 144320 is divided by 171?
167
What is the remainder when 5342 is divided by 112?
78
What is the remainder when 3341 is divided by 390?
221
Calculate the remainder when 2509 is divided by 159.
124
Calculate the remainder when 183656 is divided by 20.
16
Calculate the remainder when 1811 is divided by 117.
56
Calculate the remainder when 17377 is divided by 201.
91
Calculate the remainder when 1851 is divided by 877.
97
Calculate the remainder when 2023 is divided by 496.
39
Calculate the remainder when 3946 is divided by 343.
173
Calculate the remainder when 907 is divided by 135.
97
Calculate the remainder when 218977 is divided by 305.
292
Calculate the remainder when 601 is divided by 314.
287
What is the remainder when 41 is divided by 31?
10
Calculate the remainder when 186896 is divided by 409.
392
Calculate the remainder when 32623 is divided by 25.
23
Calculate the remainder when 122248 is divided by 57.
40
Calculate the remainder when 2282 is divided by 24.
2
What is the remainder when 55399 is divided by 112?
71
Calculate the remainder when 4990 is divided by 200.
190
Calculate the remainder when 34781 is divided by 44.
21
Calculate the remainder when 779786 is divided by 383.
381
Calculate the remainder when 661296 is divided by 220426.
18
What is the remainder when 3310 is divided by 437?
251
Calculate the remainder when 543264 is divided by 455.
449
Calculate the remainder when 1749 is divided by 1713.
36
Calculate the remainder when 24307 is divided by 694.
17
Calculate the remainder when 530708 is divided by 14.
10
What is the remainder when 868 is divided by 455?
413
Calculate the remainder when 8596 is divided by 257.
115
Calculate the remainder when 2894 is divided by 128.
78
Calculate the remainder when 343 is divided by 41.
15
What is the remainder when 33665 is divided by 2094?
161
Calculate the remainder when 56999 is divided by 13.
7
Calculate the remainder when 77092 is divided by 40.
12
Calculate the remainder when 67903 is divided by 33951.
1
Calculate the remainder when 15600 is divided by 258.
120
What is the remainder when 1337 is divided by 356?
269
What is the remainder when 10965 is divided by 71?
31
Calculate the remainder when 204788 is divided by 51196.
4
What is the remainder when 1964 is divided by 450?
164
What is the remainder when 5427 is divided by 676?
19
Calculate the remainder when 86995 is divided by 52.
51
What is the remainder when 29466 is divided by 209?
206
What is the remainder when 4327 is divided by 527?
111
Calculate the remainder when 1652491 is divided by 61203.
10
Calculate the remainder when 6058 is divided by 103.
84
What is the remainder when 10605 is divided by 90?
75
What is the remainder when 6226 is divided by 1235?
51
Calculate the remainder when 7734 is divided by 2570.
24
What is the remainder when 639404 is divided by 1349?
1327
Calculate the remainder when 80918 is divided by 28.
26
Calculate the remainder when 3143 is divided by 174.
11
Calculate the remainder when 68967 is divided by 16.
7
Calculate the remainder when 8648 is divided by 94.
0
Calculate the remainder when 78725 is divided by 2708.
193
What is the remainder when 15139 is divided by 89?
9
What is the remainder when 8082 is divided by 2668?
78
What is the remainder when 35989 is divided by 63?
16
Calculate the remainder when 5589 is divided by 279.
9
What is the remainder when 12445 is divided by 1501?
437
What is the remainder when 479 is divided by 308?
171
What is the remainder when 54401 is divided by 144?
113
What is the remainder when 23361 is divided by 1783?
182
What is the remainder when 367828 is divided by 119?
118
What is the remainder when 896928 is divided by 257?
255
What is the remainder when 406 is divided by 63?
28
Calculate the remainder when 95863 is divided by 77.
75
What is the remainder when 64669 is divided by 924?
913
Calculate the remainder when 174445 is divided by 189.
187
Calculate the remainder when 27775 is divided by 9241.
52
Calculate the remainder when 32244 is divided by 9.
6
Calculate the remainder when 34012 is divided by 16989.
34
Calculate the remainder when 140555 is divided by 127.
93
Calculate the remainder when 2971 is divided by 329.
10
Calculate the remainder when 5906 is divided by 224.
82
Calculate the remainder when 102592 is divided by 1171.
715
What is the remainder when 52530 is divided by 386?
34
Calculate the remainder when 236740 is divided by 202.
198
Calculate the remainder when 886211 is divided by 205.
201
Calculate the remainder when 53754 is divided by 306.
204
Calculate the remainder when 6367 is divided by 401.
352
What is the remainder when 424895 is divided by 11?
9
What is the remainder when 94836 is divided by 667?
122
Calculate the remainder when 189040 is divided by 224.
208
Calculate the remainder when 9223 is divided by 6.
1
What is the remainder when 3185678 is divided by 7?
6
Calculate the remainder when 52229 is divided by 8692.
77
What is the remainder when 4486 is divided by 507?
430
Calculate the remainder when 159490 is divided by 147.
142
Calculate the remainder when 769329 is divided by 431.
425
What is the remainder when 1032760 is divided by 8?
0
What is the remainder when 3598 is divided by 1192?
22
Calculate the remainder when 10100 is divided by 193.
64
What is the remainder when 1034954 is divided by 15?
14
Calculate the remainder when 7864 is divided by 2609.
37
Calculate the remainder when 7657 is divided by 695.
12
Calculate the remainder when 67970 is divided by 31.
18
What is the remainder when 1845787 is divided by 15?
7
Calculate the remainder when 38802 is divided by 436.
434
Calculate the remainder when 23358 is divided by 67.
42
Calculate the remainder when 72588 is divided by 18.
12
Calculate the remainder when 60541 is divided by 25.
16
Calculate the remainder when 20449 is divided by 4.
1
Calculate the remainder when 2592 is divided by 85.
42
Calculate the remainder when 4126 is divided by 156.
70
Calculate the remainder when 17108 is divided by 7.
0
What is the remainder when 1734 is divided by 116?
110
What is the remainder when 7005 is divided by 42?
33
Calculate the remainder when 1192924 is divided by 1005.
994
What is the remainder when 13414 is divided by 686?
380
What is the remainder when 586419 is divided by 538?
537
Calculate the remainder when 132270 is divided by 213.
210
What is the remainder when 827600 is divided by 27?
23
Calculate the remainder when 6663 is divided by 115.
108
Calculate the remainder when 435958 is divided by 840.
838
Calculate the remainder when 12910 is divided by 123.
118
Calculate the remainder when 110294 is divided by 129.
128
What is the remainder when 14859 is divided by 7?
5
Calculate the remainder when 31736 is divided by 115.
111
Calculate the remainder when 3324311 is divided by 101.
98
Calculate the remainder when 4934 is divided by 66.
50
Calculate the remain